{"id":20,"date":"2020-07-09T07:09:30","date_gmt":"2020-07-09T07:09:30","guid":{"rendered":"http:\/\/lilta.org\/?page_id=20"},"modified":"2020-12-01T12:27:32","modified_gmt":"2020-12-01T12:27:32","slug":"contactanos","status":"publish","type":"page","link":"https:\/\/lilta.org\/spanish\/contactanos\/","title":{"rendered":"Cont\u00e1ctanos"},"content":{"rendered":"\n\n\n<div class=\"row\">\n<div class=\"col-md-6\">\n<div role=\"form\" class=\"wpcf7\" id=\"wpcf7-f62-o1\" lang=\"en-US\" dir=\"ltr\">\n<div class=\"screen-reader-response\"><p role=\"status\" aria-live=\"polite\" aria-atomic=\"true\"><\/p> <ul><\/ul><\/div>\n<form action=\"\/spanish\/wp-json\/wp\/v2\/pages\/20#wpcf7-f62-o1\" method=\"post\" class=\"wpcf7-form init\" novalidate=\"novalidate\" data-status=\"init\">\n<div style=\"display: none;\">\n<input type=\"hidden\" name=\"_wpcf7\" value=\"62\" \/>\n<input type=\"hidden\" name=\"_wpcf7_version\" value=\"5.5.3\" \/>\n<input type=\"hidden\" name=\"_wpcf7_locale\" value=\"en_US\" \/>\n<input type=\"hidden\" name=\"_wpcf7_unit_tag\" value=\"wpcf7-f62-o1\" \/>\n<input type=\"hidden\" name=\"_wpcf7_container_post\" value=\"0\" \/>\n<input type=\"hidden\" name=\"_wpcf7_posted_data_hash\" value=\"\" \/>\n<\/div>\n<p><label>Nombre<\/label><span class=\"wpcf7-form-control-wrap text-841\"><input type=\"text\" name=\"text-841\" value=\"\" size=\"40\" class=\"wpcf7-form-control wpcf7-text wpcf7-validates-as-required form-control\" id=\"name\" aria-required=\"true\" aria-invalid=\"false\" placeholder=\"Nombre\" \/><\/span><br \/>\n<label>Tel\u00e9fono <\/label><span class=\"wpcf7-form-control-wrap phone\"><input type=\"number\" name=\"phone\" value=\"\" class=\"wpcf7-form-control wpcf7-number wpcf7-validates-as-required wpcf7-validates-as-number form-control\" id=\"tel\" aria-required=\"true\" aria-invalid=\"false\" placeholder=\"Tel\u00e9fono\" \/><\/span><br \/>\n<label>Correo electr\u00f3nico <\/label><span class=\"wpcf7-form-control-wrap email-651\"><input type=\"email\" name=\"email-651\" value=\"\" size=\"40\" class=\"wpcf7-form-control wpcf7-text wpcf7-email wpcf7-validates-as-required wpcf7-validates-as-email form-control\" id=\"email\" aria-required=\"true\" aria-invalid=\"false\" placeholder=\"Correo electr\u00f3nico\" \/><\/span><br \/>\n<label>Mensaje<\/label><span class=\"wpcf7-form-control-wrap textarea-598\"><textarea name=\"textarea-598\" cols=\"40\" rows=\"10\" class=\"wpcf7-form-control wpcf7-textarea form-control\" id=\"how_can\" aria-invalid=\"false\" placeholder=\"Mensaje\"><\/textarea><\/span><br \/>\n<input type=\"submit\" value=\"ENVIAR MENSAJE\" class=\"wpcf7-form-control has-spinner wpcf7-submit btn btn-primary\" \/><\/p>\n<div class=\"wpcf7-response-output\" aria-hidden=\"true\"><\/div><\/form><\/div>\n<\/div>\n<div class=\"col-md-6\">\n<p>Creemos que juntos podemos ayudar a nuestros j\u00f3venes a graduarse de la escuela secundaria y continuar su educaci\u00f3n postsecundaria. \u00danase a nosotros convirti\u00e9ndose en miembro de LILTA, apoyando nuestros programas y \/ o siendo voluntario en nuestros eventos. Esperamos saber de usted pronto!<\/p>\n\n<ul class=\"contactpage\">\n \t<li><i class=\"fa fa-phone\"><\/i> Ll\u00e1manos ahora: <a href=\"tel:6313168789\">631-316-8789<\/a><\/li>\n \t<li><i class=\"fa fa-envelope\"><\/i> <a href=\"mailto:info@lilta.org\">info@lilta.org<\/a><\/li>\n \t<li><i class=\"fa fa-map-marker\"><\/i> Direcci\u00f3n: PO Box 636, Central Islip, NY 11722<\/li>\n<\/ul>\n\n\n\n<\/div><\/div>\n","protected":false},"excerpt":{"rendered":"<p>Creemos que juntos podemos ayudar a nuestros j\u00f3venes a graduarse de la escuela secundaria y continuar su educaci\u00f3n postsecundaria. \u00danase a nosotros convirti\u00e9ndose en miembro de LILTA, apoyando nuestros programas [&hellip;]<\/p>\n","protected":false},"author":1,"featured_media":0,"parent":0,"menu_order":0,"comment_status":"closed","ping_status":"closed","template":"","meta":{"_vp_format_video_url":"","_vp_image_focal_point":[]},"_links":{"self":[{"href":"https:\/\/lilta.org\/spanish\/wp-json\/wp\/v2\/pages\/20"}],"collection":[{"href":"https:\/\/lilta.org\/spanish\/wp-json\/wp\/v2\/pages"}],"about":[{"href":"https:\/\/lilta.org\/spanish\/wp-json\/wp\/v2\/types\/page"}],"author":[{"embeddable":true,"href":"https:\/\/lilta.org\/spanish\/wp-json\/wp\/v2\/users\/1"}],"replies":[{"embeddable":true,"href":"https:\/\/lilta.org\/spanish\/wp-json\/wp\/v2\/comments?post=20"}],"version-history":[{"count":17,"href":"https:\/\/lilta.org\/spanish\/wp-json\/wp\/v2\/pages\/20\/revisions"}],"predecessor-version":[{"id":600,"href":"https:\/\/lilta.org\/spanish\/wp-json\/wp\/v2\/pages\/20\/revisions\/600"}],"wp:attachment":[{"href":"https:\/\/lilta.org\/spanish\/wp-json\/wp\/v2\/media?parent=20"}],"curies":[{"name":"wp","href":"https:\/\/api.w.org\/{rel}","templated":true}]}}