{"id":367,"date":"2020-08-12T09:46:08","date_gmt":"2020-08-12T09:46:08","guid":{"rendered":"http:\/\/lilta.org\/?page_id=367"},"modified":"2021-01-12T09:39:05","modified_gmt":"2021-01-12T09:39:05","slug":"ricardo-campos-scholarship-committee-chairperson","status":"publish","type":"page","link":"https:\/\/lilta.org\/spanish\/ricardo-campos-scholarship-committee-chairperson\/","title":{"rendered":"Ricardo Campos, Presidenta del Comit\u00e9 de Becas y Pasant\u00edas"},"content":{"rendered":"\n<div class=\"wp-block-columns\">\n<div class=\"wp-block-column\" style=\"flex-basis:66.66%\">\n<p>Ricardo Campos se gradu\u00f3 con una licenciatura en educaci\u00f3n de matem\u00e1ticas y espa\u00f1ol del Colegio de St. Joseph en 2012. Luego comenz\u00f3 a trabajar para el Departamento de Educaci\u00f3n de la Ciudad de Nueva York. Trabaj\u00f3 en la Secundaria de Brooklyn para Liderazgo y Servicio a la Comunidad como profesor de matem\u00e1ticas durante tres a\u00f1os. Su misi\u00f3n en esta escuela era servir a estudiantes de alta necesidad que ten\u00edan una baja cantidad de cr\u00e9ditos y una edad avanzada para su nivel de cursos. Adem\u00e1s, tambi\u00e9n fue miembro del equipo de pol\u00edtica de asignaci\u00f3n de idiomas, donde se asegur\u00f3 de que todos los estudiantes de ingl\u00e9s recibieran las oportunidades adecuadas y todo el apoyo necesario para tener \u00e9xito. Al mismo tiempo, continu\u00f3 su educaci\u00f3n en la Universidad de Stony Brook para obtener una maestr\u00eda en matem\u00e1ticas. Se gradu\u00f3 de la Universidad de Stony Brook en 2014. Al a\u00f1o siguiente, Ricardo Campos obtuvo un certificado avanzado de posgrado en educaci\u00f3n biling\u00fce de la Universidad Adelphi.<\/p>\n\n\n\n<p>Como educador, Ricardo Campos ha estado muy involucrado con la comunidad y el cuerpo estudiantil. Ricardo Campos actualmente ense\u00f1a matem\u00e1ticas en la Escuela Secundaria de Central Islip. Trabaja con estudiantes de educaci\u00f3n regular y educaci\u00f3n biling\u00fce. Adem\u00e1s, es miembro de la junta y presidente del comit\u00e9 de becas de la Asociaci\u00f3n de Maestros Latinos de Long Island. A trav\u00e9s de esta organizaci\u00f3n, busca aumentar las tasas de graduaci\u00f3n, la inscripci\u00f3n, retenci\u00f3n y finalizaci\u00f3n en la educaci\u00f3n superior. Es un educador apasionado que infunde amor por el aprendizaje y aboga en nombre de los estudiantes para garantizar su \u00e9xito m\u00e1s all\u00e1 de la escuela secundaria. Por \u00faltimo, tambi\u00e9n es miembro de la Junta Asesora Hispana del Condado de Suffolk para la Oficina de Asuntos Minoritarios del Gobierno del Condado de Suffolk.<\/p>\n<\/div>\n\n\n\n<div class=\"wp-block-column\" style=\"flex-basis:33.33%\">\n<figure class=\"wp-block-image size-large is-resized\"><img loading=\"lazy\" src=\"http:\/\/lilta.org\/wp-content\/uploads\/2020\/08\/Ricardo-Campos-1-1024x1024.jpg\" alt=\"\" class=\"wp-image-368\" width=\"512\" height=\"512\" srcset=\"https:\/\/lilta.org\/spanish\/wp-content\/uploads\/2020\/08\/Ricardo-Campos-1-1024x1024.jpg 1024w, https:\/\/lilta.org\/spanish\/wp-content\/uploads\/2020\/08\/Ricardo-Campos-1-300x300.jpg 300w, https:\/\/lilta.org\/spanish\/wp-content\/uploads\/2020\/08\/Ricardo-Campos-1-150x150.jpg 150w, https:\/\/lilta.org\/spanish\/wp-content\/uploads\/2020\/08\/Ricardo-Campos-1-768x768.jpg 768w, https:\/\/lilta.org\/spanish\/wp-content\/uploads\/2020\/08\/Ricardo-Campos-1-500x500.jpg 500w, https:\/\/lilta.org\/spanish\/wp-content\/uploads\/2020\/08\/Ricardo-Campos-1-800x800.jpg 800w, https:\/\/lilta.org\/spanish\/wp-content\/uploads\/2020\/08\/Ricardo-Campos-1-1280x1280.jpg 1280w, https:\/\/lilta.org\/spanish\/wp-content\/uploads\/2020\/08\/Ricardo-Campos-1-1920x1920.jpg 1920w, https:\/\/lilta.org\/spanish\/wp-content\/uploads\/2020\/08\/Ricardo-Campos-1-1536x1536.jpg 1536w, https:\/\/lilta.org\/spanish\/wp-content\/uploads\/2020\/08\/Ricardo-Campos-1-2048x2048.jpg 2048w\" sizes=\"(max-width: 512px) 100vw, 512px\" \/><\/figure>\n<\/div>\n<\/div>\n","protected":false},"excerpt":{"rendered":"<p>Ricardo Campos se gradu\u00f3 con una licenciatura en educaci\u00f3n de matem\u00e1ticas y espa\u00f1ol del Colegio de St. Joseph en 2012. Luego comenz\u00f3 a trabajar para el Departamento de Educaci\u00f3n de [&hellip;]<\/p>\n","protected":false},"author":1,"featured_media":0,"parent":0,"menu_order":0,"comment_status":"closed","ping_status":"closed","template":"","meta":{"_vp_format_video_url":"","_vp_image_focal_point":[]},"_links":{"self":[{"href":"https:\/\/lilta.org\/spanish\/wp-json\/wp\/v2\/pages\/367"}],"collection":[{"href":"https:\/\/lilta.org\/spanish\/wp-json\/wp\/v2\/pages"}],"about":[{"href":"https:\/\/lilta.org\/spanish\/wp-json\/wp\/v2\/types\/page"}],"author":[{"embeddable":true,"href":"https:\/\/lilta.org\/spanish\/wp-json\/wp\/v2\/users\/1"}],"replies":[{"embeddable":true,"href":"https:\/\/lilta.org\/spanish\/wp-json\/wp\/v2\/comments?post=367"}],"version-history":[{"count":4,"href":"https:\/\/lilta.org\/spanish\/wp-json\/wp\/v2\/pages\/367\/revisions"}],"predecessor-version":[{"id":610,"href":"https:\/\/lilta.org\/spanish\/wp-json\/wp\/v2\/pages\/367\/revisions\/610"}],"wp:attachment":[{"href":"https:\/\/lilta.org\/spanish\/wp-json\/wp\/v2\/media?parent=367"}],"curies":[{"name":"wp","href":"https:\/\/api.w.org\/{rel}","templated":true}]}}

Ricardo Campos, Presidenta del Comité de Becas y Pasantías

<div class="wp-block-columns">
<div class="wp-block-column" style="flex-basis:66.66%">
<p>Ricardo Campos se graduó con una licenciatura en educación de matemáticas y español del Colegio de St. Joseph en 2012. Luego comenzó a trabajar para el Departamento de Educación de la Ciudad de Nueva York. Trabajó en la Secundaria de Brooklyn para Liderazgo y Servicio a la Comunidad como profesor de matemáticas durante tres años. Su misión en esta escuela era servir a estudiantes de alta necesidad que tenían una baja cantidad de créditos y una edad avanzada para su nivel de cursos. Además, también fue miembro del equipo de política de asignación de idiomas, donde se aseguró de que todos los estudiantes de inglés recibieran las oportunidades adecuadas y todo el apoyo necesario para tener éxito. Al mismo tiempo, continuó su educación en la Universidad de Stony Brook para obtener una maestría en matemáticas. Se graduó de la Universidad de Stony Brook en 2014. Al año siguiente, Ricardo Campos obtuvo un certificado avanzado de posgrado en educación bilingüe de la Universidad Adelphi.</p>



<p>Como educador, Ricardo Campos ha estado muy involucrado con la comunidad y el cuerpo estudiantil. Ricardo Campos actualmente enseña matemáticas en la Escuela Secundaria de Central Islip. Trabaja con estudiantes de educación regular y educación bilingüe. Además, es miembro de la junta y presidente del comité de becas de la Asociación de Maestros Latinos de Long Island. A través de esta organización, busca aumentar las tasas de graduación, la inscripción, retención y finalización en la educación superior. Es un educador apasionado que infunde amor por el aprendizaje y aboga en nombre de los estudiantes para garantizar su éxito más allá de la escuela secundaria. Por último, también es miembro de la Junta Asesora Hispana del Condado de Suffolk para la Oficina de Asuntos Minoritarios del Gobierno del Condado de Suffolk.</p>
</div>



<div class="wp-block-column" style="flex-basis:33.33%">
<figure class="wp-block-image size-large is-resized"><img loading="lazy" src="http://lilta.org/wp-content/uploads/2020/08/Ricardo-Campos-1-1024x1024.jpg" alt="" class="wp-image-368" width="512" height="512" srcset="https://lilta.org/spanish/wp-content/uploads/2020/08/Ricardo-Campos-1-1024x1024.jpg 1024w, https://lilta.org/spanish/wp-content/uploads/2020/08/Ricardo-Campos-1-300x300.jpg 300w, https://lilta.org/spanish/wp-content/uploads/2020/08/Ricardo-Campos-1-150x150.jpg 150w, https://lilta.org/spanish/wp-content/uploads/2020/08/Ricardo-Campos-1-768x768.jpg 768w, https://lilta.org/spanish/wp-content/uploads/2020/08/Ricardo-Campos-1-500x500.jpg 500w, https://lilta.org/spanish/wp-content/uploads/2020/08/Ricardo-Campos-1-800x800.jpg 800w, https://lilta.org/spanish/wp-content/uploads/2020/08/Ricardo-Campos-1-1280x1280.jpg 1280w, https://lilta.org/spanish/wp-content/uploads/2020/08/Ricardo-Campos-1-1920x1920.jpg 1920w, https://lilta.org/spanish/wp-content/uploads/2020/08/Ricardo-Campos-1-1536x1536.jpg 1536w, https://lilta.org/spanish/wp-content/uploads/2020/08/Ricardo-Campos-1-2048x2048.jpg 2048w" sizes="(max-width: 512px) 100vw, 512px" /></figure>
</div>
</div>

<p>Ricardo Campos se graduó con una licenciatura en educación de matemáticas y español del Colegio de St. Joseph en 2012. Luego comenzó a trabajar para el Departamento de Educación de [&hellip;]</p>
