{"id":370,"date":"2020-08-12T09:56:23","date_gmt":"2020-08-12T09:56:23","guid":{"rendered":"http:\/\/lilta.org\/?page_id=370"},"modified":"2020-12-01T11:14:19","modified_gmt":"2020-12-01T11:14:19","slug":"vicky-mejia-mentoring-committee-chairperson","status":"publish","type":"page","link":"https:\/\/lilta.org\/spanish\/vicky-mejia-mentoring-committee-chairperson\/","title":{"rendered":"Vicky Mejia, Presidenta del Comit\u00e9 de Mentor\u00eda"},"content":{"rendered":"\n<div class=\"wp-block-columns\">\n<div class=\"wp-block-column\" style=\"flex-basis:66.66%\">\n<p>Durante los \u00faltimos 15 a\u00f1os de su carrera en el distrito escolar de Central Islip, Vicky Mej\u00eda fue mentora y entrenadora de los maestros en grados 1-8. Anteriormente, durante 14 a\u00f1os,&nbsp; trabaj\u00f3 como maestra en salones monoling\u00fces y biling\u00fces en la escuela elemental y lectura. Se entren\u00f3 como Coordinadora de Lectura y Escritura en Lesley University y ha asistido a los Institutos de Verano de Lectura y Escritura del Proyecto en Teachers College, por m\u00e1s de 10 a\u00f1os.<\/p>\n\n\n\n<p>Asisti\u00f3 a la universidad en Bogot\u00e1, Colombia, y a la Sorbonne de Par\u00eds. Tambi\u00e9n se gradu\u00f3 de estudios en Lectura, Educaci\u00f3n Biling\u00fce, y Administraci\u00f3n de Distrito Escolar. Ha dirigido presentaciones y desarrollo profesional en la Conferencia Anual del Noreste en Lectura, que se lleva a cabo en Providence, Rhode Island, y en Eastern Suffolk Boces.<\/p>\n\n\n\n<p>Actualmente es profesora adjunta de SUNY Old Westbury en el programa de posgrado de lectura y supervisa y eval\u00faa profesores en pr\u00e1ctica en SUNY Cortland. Es un honor para ella ser miembro de la Asociaci\u00f3n de Maestros Latinos de Long Island y continuar su apoyo a estudiantes subrepresentados.<\/p>\n<\/div>\n\n\n\n<div class=\"wp-block-column\" style=\"flex-basis:33.33%\">\n<figure class=\"wp-block-image size-full is-resized\"><img loading=\"lazy\" src=\"http:\/\/lilta.org\/wp-content\/uploads\/2020\/08\/Victoria-Mejia-1-scaled.jpg\" alt=\"\" class=\"wp-image-371\" width=\"640\" height=\"480\" srcset=\"https:\/\/lilta.org\/spanish\/wp-content\/uploads\/2020\/08\/Victoria-Mejia-1-scaled.jpg 2560w, https:\/\/lilta.org\/spanish\/wp-content\/uploads\/2020\/08\/Victoria-Mejia-1-300x225.jpg 300w, https:\/\/lilta.org\/spanish\/wp-content\/uploads\/2020\/08\/Victoria-Mejia-1-1024x768.jpg 1024w, https:\/\/lilta.org\/spanish\/wp-content\/uploads\/2020\/08\/Victoria-Mejia-1-768x576.jpg 768w, https:\/\/lilta.org\/spanish\/wp-content\/uploads\/2020\/08\/Victoria-Mejia-1-500x375.jpg 500w, https:\/\/lilta.org\/spanish\/wp-content\/uploads\/2020\/08\/Victoria-Mejia-1-800x600.jpg 800w, https:\/\/lilta.org\/spanish\/wp-content\/uploads\/2020\/08\/Victoria-Mejia-1-1280x960.jpg 1280w, https:\/\/lilta.org\/spanish\/wp-content\/uploads\/2020\/08\/Victoria-Mejia-1-1920x1440.jpg 1920w, https:\/\/lilta.org\/spanish\/wp-content\/uploads\/2020\/08\/Victoria-Mejia-1-1536x1152.jpg 1536w, https:\/\/lilta.org\/spanish\/wp-content\/uploads\/2020\/08\/Victoria-Mejia-1-2048x1536.jpg 2048w\" sizes=\"(max-width: 640px) 100vw, 640px\" \/><\/figure>\n<\/div>\n<\/div>\n","protected":false},"excerpt":{"rendered":"<p>Durante los \u00faltimos 15 a\u00f1os de su carrera en el distrito escolar de Central Islip, Vicky Mej\u00eda fue mentora y entrenadora de los maestros en grados 1-8. Anteriormente, durante 14 [&hellip;]<\/p>\n","protected":false},"author":1,"featured_media":0,"parent":0,"menu_order":0,"comment_status":"closed","ping_status":"closed","template":"","meta":{"_vp_format_video_url":"","_vp_image_focal_point":[]},"_links":{"self":[{"href":"https:\/\/lilta.org\/spanish\/wp-json\/wp\/v2\/pages\/370"}],"collection":[{"href":"https:\/\/lilta.org\/spanish\/wp-json\/wp\/v2\/pages"}],"about":[{"href":"https:\/\/lilta.org\/spanish\/wp-json\/wp\/v2\/types\/page"}],"author":[{"embeddable":true,"href":"https:\/\/lilta.org\/spanish\/wp-json\/wp\/v2\/users\/1"}],"replies":[{"embeddable":true,"href":"https:\/\/lilta.org\/spanish\/wp-json\/wp\/v2\/comments?post=370"}],"version-history":[{"count":5,"href":"https:\/\/lilta.org\/spanish\/wp-json\/wp\/v2\/pages\/370\/revisions"}],"predecessor-version":[{"id":584,"href":"https:\/\/lilta.org\/spanish\/wp-json\/wp\/v2\/pages\/370\/revisions\/584"}],"wp:attachment":[{"href":"https:\/\/lilta.org\/spanish\/wp-json\/wp\/v2\/media?parent=370"}],"curies":[{"name":"wp","href":"https:\/\/api.w.org\/{rel}","templated":true}]}}

Vicky Mejia, Presidenta del Comité de Mentoría

<div class="wp-block-columns">
<div class="wp-block-column" style="flex-basis:66.66%">
<p>Durante los últimos 15 años de su carrera en el distrito escolar de Central Islip, Vicky Mejía fue mentora y entrenadora de los maestros en grados 1-8. Anteriormente, durante 14 años,&nbsp; trabajó como maestra en salones monolingües y bilingües en la escuela elemental y lectura. Se entrenó como Coordinadora de Lectura y Escritura en Lesley University y ha asistido a los Institutos de Verano de Lectura y Escritura del Proyecto en Teachers College, por más de 10 años.</p>



<p>Asistió a la universidad en Bogotá, Colombia, y a la Sorbonne de París. También se graduó de estudios en Lectura, Educación Bilingüe, y Administración de Distrito Escolar. Ha dirigido presentaciones y desarrollo profesional en la Conferencia Anual del Noreste en Lectura, que se lleva a cabo en Providence, Rhode Island, y en Eastern Suffolk Boces.</p>



<p>Actualmente es profesora adjunta de SUNY Old Westbury en el programa de posgrado de lectura y supervisa y evalúa profesores en práctica en SUNY Cortland. Es un honor para ella ser miembro de la Asociación de Maestros Latinos de Long Island y continuar su apoyo a estudiantes subrepresentados.</p>
</div>



<div class="wp-block-column" style="flex-basis:33.33%">
<figure class="wp-block-image size-full is-resized"><img loading="lazy" src="http://lilta.org/wp-content/uploads/2020/08/Victoria-Mejia-1-scaled.jpg" alt="" class="wp-image-371" width="640" height="480" srcset="https://lilta.org/spanish/wp-content/uploads/2020/08/Victoria-Mejia-1-scaled.jpg 2560w, https://lilta.org/spanish/wp-content/uploads/2020/08/Victoria-Mejia-1-300x225.jpg 300w, https://lilta.org/spanish/wp-content/uploads/2020/08/Victoria-Mejia-1-1024x768.jpg 1024w, https://lilta.org/spanish/wp-content/uploads/2020/08/Victoria-Mejia-1-768x576.jpg 768w, https://lilta.org/spanish/wp-content/uploads/2020/08/Victoria-Mejia-1-500x375.jpg 500w, https://lilta.org/spanish/wp-content/uploads/2020/08/Victoria-Mejia-1-800x600.jpg 800w, https://lilta.org/spanish/wp-content/uploads/2020/08/Victoria-Mejia-1-1280x960.jpg 1280w, https://lilta.org/spanish/wp-content/uploads/2020/08/Victoria-Mejia-1-1920x1440.jpg 1920w, https://lilta.org/spanish/wp-content/uploads/2020/08/Victoria-Mejia-1-1536x1152.jpg 1536w, https://lilta.org/spanish/wp-content/uploads/2020/08/Victoria-Mejia-1-2048x1536.jpg 2048w" sizes="(max-width: 640px) 100vw, 640px" /></figure>
</div>
</div>

<p>Durante los últimos 15 años de su carrera en el distrito escolar de Central Islip, Vicky Mejía fue mentora y entrenadora de los maestros en grados 1-8. Anteriormente, durante 14 [&hellip;]</p>
