{"id":375,"date":"2020-08-12T10:01:02","date_gmt":"2020-08-12T10:01:02","guid":{"rendered":"http:\/\/lilta.org\/?page_id=375"},"modified":"2020-12-01T11:15:39","modified_gmt":"2020-12-01T11:15:39","slug":"fatima-lasso-board-member","status":"publish","type":"page","link":"https:\/\/lilta.org\/spanish\/fatima-lasso-board-member\/","title":{"rendered":"Fatima Lasso, Miembro de la Junta"},"content":{"rendered":"\n<div class=\"wp-block-columns\">\n<div class=\"wp-block-column\" style=\"flex-basis:66.66%\">\n<p>F\u00e1tima Lasso naci\u00f3 y creci\u00f3 en Quito, Ecuador donde se gradu\u00f3 de Ingeniera Comercial en la Escuela Polit\u00e9cnica del Ej\u00e9rcito. En ese pa\u00eds trabaj\u00f3 durante varios a\u00f1os en la industria de la aviaci\u00f3n.&nbsp; Inmigr\u00f3 a Estados Unidos en el 2005 junto con su familia.<\/p>\n\n\n\n<p>Siguiendo su pasi\u00f3n por la ense\u00f1anza, en el 2012, obtuvo una Maestr\u00eda en Educaci\u00f3n con especializaci\u00f3n en espa\u00f1ol en SUNY Old Westbury College donde se gradu\u00f3 con honores. A partir de entonces ha ejercido la c\u00e1tedra de espa\u00f1ol en esta misma universidad.&nbsp;<\/p>\n\n\n\n<p>Se uni\u00f3 a la Junta Directiva de LILTA en octubre del 2019 con el prop\u00f3sito de colaborar con su misi\u00f3n de promover el acceso a una educaci\u00f3n de calidad entre nuestros ni\u00f1os y j\u00f3venes latinos. Est\u00e1 convencida que la educaci\u00f3n es el \u00fanico camino para romper el ciclo de pobreza de nuestra comunidad hispana.<\/p>\n\n\n\n<p>Ella tambi\u00e9n ha trabajado en organizaciones sin fines de lucro en Long Island, donde ha puesto toda su vocaci\u00f3n de servicio y entrega en ayudar a la comunidad latina a acceder a la informaci\u00f3n y recursos que les permita mejorar su calidad de vida; adem\u00e1s ha servido como voluntaria en organizaciones como Long Island Cares y en la L\u00ednea Latina de Ayuda para V\u00edctimas de Cr\u00edmenes de SEPA Mujer.&nbsp;<\/p>\n<\/div>\n\n\n\n<div class=\"wp-block-column\" style=\"flex-basis:33.33%\">\n<figure class=\"wp-block-image size-large\"><img loading=\"lazy\" width=\"470\" height=\"627\" src=\"http:\/\/lilta.org\/wp-content\/uploads\/2020\/08\/Fatima-Lasso.jpg\" alt=\"\" class=\"wp-image-376\" srcset=\"https:\/\/lilta.org\/spanish\/wp-content\/uploads\/2020\/08\/Fatima-Lasso.jpg 470w, https:\/\/lilta.org\/spanish\/wp-content\/uploads\/2020\/08\/Fatima-Lasso-225x300.jpg 225w\" sizes=\"(max-width: 470px) 100vw, 470px\" \/><\/figure>\n<\/div>\n<\/div>\n","protected":false},"excerpt":{"rendered":"<p>F\u00e1tima Lasso naci\u00f3 y creci\u00f3 en Quito, Ecuador donde se gradu\u00f3 de Ingeniera Comercial en la Escuela Polit\u00e9cnica del Ej\u00e9rcito. En ese pa\u00eds trabaj\u00f3 durante varios a\u00f1os en la industria [&hellip;]<\/p>\n","protected":false},"author":1,"featured_media":0,"parent":0,"menu_order":0,"comment_status":"closed","ping_status":"closed","template":"","meta":{"_vp_format_video_url":"","_vp_image_focal_point":[]},"_links":{"self":[{"href":"https:\/\/lilta.org\/spanish\/wp-json\/wp\/v2\/pages\/375"}],"collection":[{"href":"https:\/\/lilta.org\/spanish\/wp-json\/wp\/v2\/pages"}],"about":[{"href":"https:\/\/lilta.org\/spanish\/wp-json\/wp\/v2\/types\/page"}],"author":[{"embeddable":true,"href":"https:\/\/lilta.org\/spanish\/wp-json\/wp\/v2\/users\/1"}],"replies":[{"embeddable":true,"href":"https:\/\/lilta.org\/spanish\/wp-json\/wp\/v2\/comments?post=375"}],"version-history":[{"count":2,"href":"https:\/\/lilta.org\/spanish\/wp-json\/wp\/v2\/pages\/375\/revisions"}],"predecessor-version":[{"id":585,"href":"https:\/\/lilta.org\/spanish\/wp-json\/wp\/v2\/pages\/375\/revisions\/585"}],"wp:attachment":[{"href":"https:\/\/lilta.org\/spanish\/wp-json\/wp\/v2\/media?parent=375"}],"curies":[{"name":"wp","href":"https:\/\/api.w.org\/{rel}","templated":true}]}}

<div class="wp-block-columns">
<div class="wp-block-column" style="flex-basis:66.66%">
<p>Fátima Lasso nació y creció en Quito, Ecuador donde se graduó de Ingeniera Comercial en la Escuela Politécnica del Ejército. En ese país trabajó durante varios años en la industria de la aviación.&nbsp; Inmigró a Estados Unidos en el 2005 junto con su familia.</p>



<p>Siguiendo su pasión por la enseñanza, en el 2012, obtuvo una Maestría en Educación con especialización en español en SUNY Old Westbury College donde se graduó con honores. A partir de entonces ha ejercido la cátedra de español en esta misma universidad.&nbsp;</p>



<p>Se unió a la Junta Directiva de LILTA en octubre del 2019 con el propósito de colaborar con su misión de promover el acceso a una educación de calidad entre nuestros niños y jóvenes latinos. Está convencida que la educación es el único camino para romper el ciclo de pobreza de nuestra comunidad hispana.</p>



<p>Ella también ha trabajado en organizaciones sin fines de lucro en Long Island, donde ha puesto toda su vocación de servicio y entrega en ayudar a la comunidad latina a acceder a la información y recursos que les permita mejorar su calidad de vida; además ha servido como voluntaria en organizaciones como Long Island Cares y en la Línea Latina de Ayuda para Víctimas de Crímenes de SEPA Mujer.&nbsp;</p>
</div>



<div class="wp-block-column" style="flex-basis:33.33%">
<figure class="wp-block-image size-large"><img loading="lazy" width="470" height="627" src="http://lilta.org/wp-content/uploads/2020/08/Fatima-Lasso.jpg" alt="" class="wp-image-376" srcset="https://lilta.org/spanish/wp-content/uploads/2020/08/Fatima-Lasso.jpg 470w, https://lilta.org/spanish/wp-content/uploads/2020/08/Fatima-Lasso-225x300.jpg 225w" sizes="(max-width: 470px) 100vw, 470px" /></figure>
</div>
</div>

<p>Fátima Lasso nació y creció en Quito, Ecuador donde se graduó de Ingeniera Comercial en la Escuela Politécnica del Ejército. En ese país trabajó durante varios años en la industria [&hellip;]</p>
