{"id":387,"date":"2020-08-12T10:20:36","date_gmt":"2020-08-12T10:20:36","guid":{"rendered":"http:\/\/lilta.org\/?page_id=387"},"modified":"2021-01-12T09:40:08","modified_gmt":"2021-01-12T09:40:08","slug":"jennifer-lopez-board-member","status":"publish","type":"page","link":"https:\/\/lilta.org\/spanish\/jennifer-lopez-board-member\/","title":{"rendered":"Jennifer Lopez, Presidenta del Comit\u00e9 de Recaudaci\u00f3n de Fondos"},"content":{"rendered":"\n<div class=\"wp-block-columns\">\n<div class=\"wp-block-column\" style=\"flex-basis:66.66%\">\n<p>Jennifer L\u00f3pez comenz\u00f3 su carrera como educadora de educaci\u00f3n especial hace 28 a\u00f1os. Se desempe\u00f1\u00f3 como educadora de educaci\u00f3n especial biling\u00fce y fue parte del primer grupo en recibir una beca del Instituto de Capacitaci\u00f3n Intensiva para una Extensi\u00f3n Biling\u00fce a trav\u00e9s de las becas en la Universidad de Nueva York. Desde entonces estudi\u00f3 Psicolog\u00eda Escolar en Brooklyn College y ha trabajado como psic\u00f3loga escolar durante los \u00faltimos 21 a\u00f1os de su carrera. Durante ese tiempo, se interes\u00f3 especialmente en los apoyos de comportamiento positivo, la atenci\u00f3n plena, la respiraci\u00f3n y la meditaci\u00f3n. Obtuvo un diploma en Neuropsicolog\u00eda Escolar a trav\u00e9s de la Universidad de Mujeres de Texas y obtuvo el diploma durante 2005-2007, actualmente est\u00e1 pendiente de recertificaci\u00f3n. Ella tiene una pasi\u00f3n especial por la discapacidad del lenguaje versus el trastorno del lenguaje y se ha presentado en muchas capacidades alrededor de Long Island.<\/p>\n\n\n\n<p>Jennifer creci\u00f3 en Floral Park en Long Island y es de ascendencia cubana y peruana. Como estadounidense de primera generaci\u00f3n, tiene un impulso para promover la educaci\u00f3n de los j\u00f3venes biling\u00fces. Ha trabajado en Freeport y Riverhead y actualmente trabaja para el Departamento de Educaci\u00f3n de Nueva York presidiendo litigios en reuniones de CSE.<\/p>\n\n\n\n<p>Jennifer se uni\u00f3 a la junta de LILTA en enero del 2020 y est\u00e1 comprometida con la misi\u00f3n de la organizaci\u00f3n para todos los estudiantes.<\/p>\n<\/div>\n\n\n\n<div class=\"wp-block-column\" style=\"flex-basis:33.33%\">\n<figure class=\"wp-block-image size-large is-resized\"><img loading=\"lazy\" src=\"http:\/\/lilta.org\/wp-content\/uploads\/2020\/08\/Jennifer-Lopez-752x1024.jpg\" alt=\"\" class=\"wp-image-388\" width=\"376\" height=\"512\" srcset=\"https:\/\/lilta.org\/spanish\/wp-content\/uploads\/2020\/08\/Jennifer-Lopez-752x1024.jpg 752w, https:\/\/lilta.org\/spanish\/wp-content\/uploads\/2020\/08\/Jennifer-Lopez-220x300.jpg 220w, https:\/\/lilta.org\/spanish\/wp-content\/uploads\/2020\/08\/Jennifer-Lopez-768x1045.jpg 768w, https:\/\/lilta.org\/spanish\/wp-content\/uploads\/2020\/08\/Jennifer-Lopez-500x681.jpg 500w, https:\/\/lilta.org\/spanish\/wp-content\/uploads\/2020\/08\/Jennifer-Lopez-800x1089.jpg 800w, https:\/\/lilta.org\/spanish\/wp-content\/uploads\/2020\/08\/Jennifer-Lopez.jpg 828w\" sizes=\"(max-width: 376px) 100vw, 376px\" \/><\/figure>\n<\/div>\n<\/div>\n","protected":false},"excerpt":{"rendered":"<p>Jennifer L\u00f3pez comenz\u00f3 su carrera como educadora de educaci\u00f3n especial hace 28 a\u00f1os. Se desempe\u00f1\u00f3 como educadora de educaci\u00f3n especial biling\u00fce y fue parte del primer grupo en recibir una [&hellip;]<\/p>\n","protected":false},"author":1,"featured_media":0,"parent":0,"menu_order":0,"comment_status":"closed","ping_status":"closed","template":"","meta":{"_vp_format_video_url":"","_vp_image_focal_point":[]},"_links":{"self":[{"href":"https:\/\/lilta.org\/spanish\/wp-json\/wp\/v2\/pages\/387"}],"collection":[{"href":"https:\/\/lilta.org\/spanish\/wp-json\/wp\/v2\/pages"}],"about":[{"href":"https:\/\/lilta.org\/spanish\/wp-json\/wp\/v2\/types\/page"}],"author":[{"embeddable":true,"href":"https:\/\/lilta.org\/spanish\/wp-json\/wp\/v2\/users\/1"}],"replies":[{"embeddable":true,"href":"https:\/\/lilta.org\/spanish\/wp-json\/wp\/v2\/comments?post=387"}],"version-history":[{"count":4,"href":"https:\/\/lilta.org\/spanish\/wp-json\/wp\/v2\/pages\/387\/revisions"}],"predecessor-version":[{"id":613,"href":"https:\/\/lilta.org\/spanish\/wp-json\/wp\/v2\/pages\/387\/revisions\/613"}],"wp:attachment":[{"href":"https:\/\/lilta.org\/spanish\/wp-json\/wp\/v2\/media?parent=387"}],"curies":[{"name":"wp","href":"https:\/\/api.w.org\/{rel}","templated":true}]}}

Jennifer Lopez, Presidenta del Comité de Recaudación de Fondos

<div class="wp-block-columns">
<div class="wp-block-column" style="flex-basis:66.66%">
<p>Jennifer López comenzó su carrera como educadora de educación especial hace 28 años. Se desempeñó como educadora de educación especial bilingüe y fue parte del primer grupo en recibir una beca del Instituto de Capacitación Intensiva para una Extensión Bilingüe a través de las becas en la Universidad de Nueva York. Desde entonces estudió Psicología Escolar en Brooklyn College y ha trabajado como psicóloga escolar durante los últimos 21 años de su carrera. Durante ese tiempo, se interesó especialmente en los apoyos de comportamiento positivo, la atención plena, la respiración y la meditación. Obtuvo un diploma en Neuropsicología Escolar a través de la Universidad de Mujeres de Texas y obtuvo el diploma durante 2005-2007, actualmente está pendiente de recertificación. Ella tiene una pasión especial por la discapacidad del lenguaje versus el trastorno del lenguaje y se ha presentado en muchas capacidades alrededor de Long Island.</p>



<p>Jennifer creció en Floral Park en Long Island y es de ascendencia cubana y peruana. Como estadounidense de primera generación, tiene un impulso para promover la educación de los jóvenes bilingües. Ha trabajado en Freeport y Riverhead y actualmente trabaja para el Departamento de Educación de Nueva York presidiendo litigios en reuniones de CSE.</p>



<p>Jennifer se unió a la junta de LILTA en enero del 2020 y está comprometida con la misión de la organización para todos los estudiantes.</p>
</div>



<div class="wp-block-column" style="flex-basis:33.33%">
<figure class="wp-block-image size-large is-resized"><img loading="lazy" src="http://lilta.org/wp-content/uploads/2020/08/Jennifer-Lopez-752x1024.jpg" alt="" class="wp-image-388" width="376" height="512" srcset="https://lilta.org/spanish/wp-content/uploads/2020/08/Jennifer-Lopez-752x1024.jpg 752w, https://lilta.org/spanish/wp-content/uploads/2020/08/Jennifer-Lopez-220x300.jpg 220w, https://lilta.org/spanish/wp-content/uploads/2020/08/Jennifer-Lopez-768x1045.jpg 768w, https://lilta.org/spanish/wp-content/uploads/2020/08/Jennifer-Lopez-500x681.jpg 500w, https://lilta.org/spanish/wp-content/uploads/2020/08/Jennifer-Lopez-800x1089.jpg 800w, https://lilta.org/spanish/wp-content/uploads/2020/08/Jennifer-Lopez.jpg 828w" sizes="(max-width: 376px) 100vw, 376px" /></figure>
</div>
</div>

<p>Jennifer López comenzó su carrera como educadora de educación especial hace 28 años. Se desempeñó como educadora de educación especial bilingüe y fue parte del primer grupo en recibir una [&hellip;]</p>
