{"id":8,"date":"2020-07-09T07:04:48","date_gmt":"2020-07-09T07:04:48","guid":{"rendered":"http:\/\/lilta.org\/?page_id=8"},"modified":"2020-12-01T09:55:45","modified_gmt":"2020-12-01T09:55:45","slug":"nuestro-equipo","status":"publish","type":"page","link":"https:\/\/lilta.org\/spanish\/nuestro-equipo\/","title":{"rendered":"Nuestro equipo"},"content":{"rendered":"<div class=\"tmm tmm_our-team\"><div class=\"tmm_3_columns tmm_wrap tmm_plugin_f\"><span class=\"tmm_two_containers_tablet\"><\/span><div class=\"tmm_container\"><div class=\"tmm_member\" style=\"border-top:#333333 solid 5px;\"><div class=\"tmm_photo tmm_pic_our-team_0\" style=\"background: url(http:\/\/lilta.techacscorp.com\/wp-content\/uploads\/2020\/08\/rsz_1dafny_irizarry.jpg); margin-left: auto; margin-right:auto; background-size:cover !important;\"><\/div><div class=\"tmm_textblock\"><div class=\"tmm_names\"><span class=\"tmm_fname\">Dafny<\/span> <span class=\"tmm_lname\"> Irizarry<\/span><\/div><div class=\"tmm_job\">Presidente<\/div><div class=\"tmm_desc\" style=\"text-align:\">Dafny Joy Irizarry Ortiz es el fundador y presidente de la Asociaci\u00f3n de Maestros Latinos de Long Island. Una mujer y educadora apasionada por la equidad, la justicia y la inclusi\u00f3n. La Sra. Irizarry ha demostrado liderazgo y compromiso en la promoci\u00f3n, en colaboraci\u00f3n con grupos comunitarios e instituciones educativas, para garantizar una educaci\u00f3n de alta calidad para todos los estudiantes. Ella est\u00e1 comprometida a empoderar a los j\u00f3venes de <a href=\"https:\/\/lilta.org\/spanish\/dafny-irizarry-president\/\">Read More<\/a><\/div><div class=\"tmm_scblock\"><\/div><\/div><\/div><div class=\"tmm_member\" style=\"border-top:#333333 solid 5px;\"><div class=\"tmm_photo tmm_pic_our-team_1\" style=\"background: url(http:\/\/lilta.techacscorp.com\/wp-content\/uploads\/2020\/08\/Julie-Burgos-1-1-scaled.jpg); margin-left: auto; margin-right:auto; background-size:cover !important;\"><\/div><div class=\"tmm_textblock\"><div class=\"tmm_names\"><span class=\"tmm_fname\">Julie <\/span> <span class=\"tmm_lname\">Burgos<\/span><\/div><div class=\"tmm_job\">Vicepresidente<\/div><div class=\"tmm_desc\" style=\"text-align:\">Julia Burgos es trabajadora social y educadora. Julia se jubil\u00f3 como trabajadora social en el distrito escolar de Brentwood despu\u00e9s de 28 a\u00f1os de servicio. Antes de trabajar en Brentwood, Julia tambi\u00e9n ocup\u00f3 el cargo de trabajadora social de escuela biling\u00fce para la Junta de Educaci\u00f3n de la Ciudad de Nueva York, Distrito 7, Bronx, NY. Actualmente, Julia es miembro del consejo de educaci\u00f3n del distrito escolar de Brentwood. Tambi\u00e9n es profesora adjunta de la Escuela de <a href=\"https:\/\/lilta.org\/spanish\/julie-burgos-second-vice-president\/\">Read More<\/a><\/div><div class=\"tmm_scblock\"><\/div><\/div><\/div><span class=\"tmm_two_containers_tablet\"><\/span><div class=\"tmm_member\" style=\"border-top:#333333 solid 5px;\"><div class=\"tmm_photo tmm_pic_our-team_2\" style=\"background: url(http:\/\/lilta.techacscorp.com\/wp-content\/uploads\/2020\/08\/Michelle-Marrone-1-scaled.jpg); margin-left: auto; margin-right:auto; background-size:cover !important;\"><\/div><div class=\"tmm_textblock\"><div class=\"tmm_names\"><span class=\"tmm_fname\">Michelle<\/span> <span class=\"tmm_lname\"> Marrone<\/span><\/div><div class=\"tmm_job\">Tesorera<\/div><div class=\"tmm_desc\" style=\"text-align:\">Michelle Marrone se gradu\u00f3 con una licenciatura en educaci\u00f3n en espa\u00f1ol de Manhattanville College en 2008. Continu\u00f3 su educaci\u00f3n en la Universidad de St. John para obtener una maestr\u00eda en ense\u00f1anza del ingl\u00e9s como segundo idioma. Se gradu\u00f3 con una maestr\u00eda en mayo de 2012 y comenz\u00f3 a trabajar en el Distrito Escolar de Hampton Bays en agosto de 2012. Fue maestra de ENL en Hampton Bays High School desde septiembre de 2012 hasta junio de 2019. <a href=\"https:\/\/lilta.org\/spanish\/michelle-marrone-treasurer\/\">Read More<\/a><\/div><div class=\"tmm_scblock\"><\/div><\/div><\/div><\/div><span class=\"tmm_columns_containers_desktop\"><\/span><div class=\"tmm_container\"><div class=\"tmm_member\" style=\"border-top:#333333 solid 5px;\"><div class=\"tmm_photo tmm_pic_our-team_3\" style=\"background: url(http:\/\/lilta.techacscorp.com\/wp-content\/uploads\/2020\/08\/Cecilia-Avila-Young.jpg); margin-left: auto; margin-right:auto; background-size:cover !important;\"><\/div><div class=\"tmm_textblock\"><div class=\"tmm_names\"><span class=\"tmm_fname\">Cecilia Avila <\/span> <span class=\"tmm_lname\">Young<\/span><\/div><div class=\"tmm_job\">Secretaria<\/div><div class=\"tmm_desc\" style=\"text-align:\">Cecilia Avila-Young naci\u00f3 en Bogot\u00e1, Colombia, y emigr\u00f3 a los Estados Unidos cuando era ni\u00f1a. Obtuvo una maestr\u00eda en la Universidad de Columbia, Teachers College y un B.S. T\u00edtulo de Queens College. Se ha desempe\u00f1ado con orgullo como Secretaria de la Asociaci\u00f3n de Maestros Latinos de Long Island durante m\u00e1s de una d\u00e9cada. Su experiencia positiva como estudiante en el sistema de educaci\u00f3n p\u00fablica y el profundo compromiso de los educadores de las escuelas p\u00fablicas que encontr\u00f3, fomentaron un fuerte deseo de convertirse en maestra y ponerse al servicio de los dem\u00e1s. <a href=\"https:\/\/lilta.org\/spanish\/cecilia-avila-young-secretary\/\">Read More<\/a><\/div><div class=\"tmm_scblock\"><\/div><\/div><\/div><span class=\"tmm_two_containers_tablet\"><\/span><div class=\"tmm_member\" style=\"border-top:#333333 solid 5px;\"><div class=\"tmm_photo tmm_pic_our-team_4\" style=\"background: url(http:\/\/lilta.techacscorp.com\/wp-content\/uploads\/2020\/08\/Ricardo-Campos-1-scaled.jpg); margin-left: auto; margin-right:auto; background-size:cover !important;\"><\/div><div class=\"tmm_textblock\"><div class=\"tmm_names\"><span class=\"tmm_fname\">Ricardo<\/span> <span class=\"tmm_lname\"> Campos<\/span><\/div><div class=\"tmm_job\">Presidente del Comit\u00e9 de Becas y Pasant\u00edas<\/div><div class=\"tmm_desc\" style=\"text-align:\">Ricardo Campos se gradu\u00f3 con una licenciatura en Matem\u00e1ticas y Educaci\u00f3n en Espa\u00f1ol de St. Joseph's College en 2012. Luego comenz\u00f3 a trabajar para el Departamento de Educaci\u00f3n de la Ciudad de Nueva York. Trabaj\u00f3 en Brooklyn High School for Leadership and Community Service como profesor de matem\u00e1ticas durante tres a\u00f1os. Su misi\u00f3n en esta escuela era servir a estudiantes muy necesitados que ten\u00edan menos cr\u00e9ditos y eran mayores de edad. Adem\u00e1s, tambi\u00e9n fue miembro del equipo de Pol\u00edtica de asignaci\u00f3n de idiomas, donde se asegur\u00f3 de que se proporcionara a todos los <a href=\"https:\/\/lilta.org\/spanish\/ricardo-campos-scholarship-committee-chairperson\/\">Read More<\/a><\/div><div class=\"tmm_scblock\"><\/div><\/div><\/div><div class=\"tmm_member\" style=\"border-top:#333333 solid 5px;\"><div class=\"tmm_photo tmm_pic_our-team_5\" style=\"background: url(http:\/\/lilta.techacscorp.com\/wp-content\/uploads\/2020\/08\/Kelly-Urena.jpg); margin-left: auto; margin-right:auto; background-size:cover !important;\"><\/div><div class=\"tmm_textblock\"><div class=\"tmm_names\"><span class=\"tmm_fname\">Kelly<\/span> <span class=\"tmm_lname\"> Urena<\/span><\/div><div class=\"tmm_job\">Presidente del Comit\u00e9 de Programas Juveniles<\/div><div class=\"tmm_desc\" style=\"text-align:\">Kelly Ure\u00f1a, nacida y criada en Queens, NY, cumple varios roles. Adem\u00e1s de ser madre, hija, amiga, hermana y mentora, es una educadora establecida, miembro de la comunidad biling\u00fce y l\u00edder con una larga historia de defensa y servicio. Autodidacta, defensora de por vida de la equidad en la atenci\u00f3n m\u00e9dica y la educaci\u00f3n, la Sra. Ure\u00f1a canaliz\u00f3 su pasi\u00f3n para cumplir su prop\u00f3sito a trav\u00e9s del trabajo social. Creyendo que el trabajo social no es una carrera sino una forma de vida, ha basado su trabajo en el compromiso comunitario <a href=\"https:\/\/lilta.org\/spanish\/kelly-urena-board-member\/\">Read More<\/a><\/div><div class=\"tmm_scblock\"><\/div><\/div><\/div><span class=\"tmm_two_containers_tablet\"><\/span><\/div><span class=\"tmm_columns_containers_desktop\"><\/span><div class=\"tmm_container\"><div class=\"tmm_member\" style=\"border-top:#333333 solid 5px;\"><div class=\"tmm_photo tmm_pic_our-team_6\" style=\"background: url(http:\/\/lilta.techacscorp.com\/wp-content\/uploads\/2020\/08\/Jessica-Gomez.jpeg); margin-left: auto; margin-right:auto; background-size:cover !important;\"><\/div><div class=\"tmm_textblock\"><div class=\"tmm_names\"><span class=\"tmm_fname\">Jessica <\/span> <span class=\"tmm_lname\">Gomez<\/span><\/div><div class=\"tmm_job\">Presidente del Comit\u00e9 de Desarrollo Profesional<\/div><div class=\"tmm_desc\" style=\"text-align:\">La Sra. Jessica Gomez ha sido maestra en el Distrito Escolar Libre de South Huntington Union durante 15 a\u00f1os, ense\u00f1ando quinto grado en Maplewood Intermediate. Ella ha ense\u00f1ado usando modelos independientes y en paralelo en el Programa de Lenguaje Dual del distrito. La Sra. G\u00f3mez recibi\u00f3 su licenciatura de la Universidad de Syracuse en 2003 y su maestr\u00eda de la Universidad de Hofstra en 2005. Continu\u00f3 con su Extensi\u00f3n Biling\u00fce de la Universidad de St. John en 2006. Durante su permanencia en el Distrito Escolar de South Huntington, la Sra. Gomez ha sido parte integral de su diversa comunidad <a href=\"https:\/\/lilta.org\/spanish\/jessica-gomez-board-member\/\">Read More<\/a><\/div><div class=\"tmm_scblock\"><\/div><\/div><\/div><div class=\"tmm_member\" style=\"border-top:#333333 solid 5px;\"><div class=\"tmm_photo tmm_pic_our-team_7\" style=\"background: url(http:\/\/lilta.techacscorp.com\/wp-content\/uploads\/2020\/08\/Jennifer-Lopez.jpg); margin-left: auto; margin-right:auto; background-size:cover !important;\"><\/div><div class=\"tmm_textblock\"><div class=\"tmm_names\"><span class=\"tmm_fname\">Jennifer<\/span> <span class=\"tmm_lname\"> Lopez<\/span><\/div><div class=\"tmm_job\">Presidente del Comit\u00e9 de Recaudaci\u00f3n de Fondos<\/div><div class=\"tmm_desc\" style=\"text-align:\">Jennifer Lopez comenz\u00f3 su carrera como educadora especial hace 28 a\u00f1os. Se desempe\u00f1\u00f3 como educadora especial biling\u00fce y fue uno de los primeros beneficiarios del Instituto de Capacitaci\u00f3n Intensiva para una Extensi\u00f3n Biling\u00fce a trav\u00e9s de Becas en la Universidad de Nueva York. Desde entonces, ha estudiado Psicolog\u00eda Escolar en Brooklyn College y se ha desempe\u00f1ado como psic\u00f3loga escolar durante los \u00faltimos 21 a\u00f1os de su carrera. Durante ese tiempo, se interes\u00f3 especialmente en los apoyos conductuales positivos, la atenci\u00f3n plena, la respiraci\u00f3n y la meditaci\u00f3n. <a href=\"https:\/\/lilta.org\/spanish\/jennifer-lopez-board-member\/\">Read More<\/a><\/div><div class=\"tmm_scblock\"><\/div><\/div><\/div><span class=\"tmm_two_containers_tablet\"><\/span><div class=\"tmm_member\" style=\"border-top:#333333 solid 5px;\"><div class=\"tmm_photo tmm_pic_our-team_8\" style=\"background: url(http:\/\/lilta.techacscorp.com\/wp-content\/uploads\/2020\/08\/girl-1.jpg); margin-left: auto; margin-right:auto; background-size:cover !important;\"><\/div><div class=\"tmm_textblock\"><div class=\"tmm_names\"><span class=\"tmm_fname\">Nicole<\/span> <span class=\"tmm_lname\"> Salgado<\/span><\/div><div class=\"tmm_job\">Presidente del Comit\u00e9 de Membres\u00eda y Relaciones P\u00fablicas<\/div><div class=\"tmm_desc\" style=\"text-align:\">Nicole Salgado es de ascendencia ecuatoriana pero naci\u00f3 en los Estados Unidos. De padres biling\u00fces, desde peque\u00f1a se matricul\u00f3 en clases de ingl\u00e9s como nuevo idioma, ENL. Durante sus a\u00f1os de escuela secundaria, r\u00e1pidamente se enamor\u00f3 de los idiomas, por lo que decidi\u00f3 diversificarse y aprender italiano, lenguaje de se\u00f1as estadounidense, ASL y franc\u00e9s. Su pasi\u00f3n por los idiomas se ha convertido tambi\u00e9n en pasi\u00f3n por viajar. Nicole ha visitado 15 pa\u00edses lo que le ha dado la oportunidad de interactuar con personas de diferentes or\u00edgenes. En 2014, Nicole obtuvo su licenciatura en Lengua y Literatura Espa\u00f1olas <a href=\"https:\/\/lilta.org\/spanish\/nicole-salgado-board-member\/\">Read More<\/a><\/div><div class=\"tmm_scblock\"><\/div><\/div><\/div><\/div><span class=\"tmm_columns_containers_desktop\"><\/span><div class=\"tmm_container\"><div class=\"tmm_member\" style=\"border-top:#333333 solid 5px;\"><div class=\"tmm_photo tmm_pic_our-team_9\" style=\"background: url(http:\/\/lilta.techacscorp.com\/wp-content\/uploads\/2020\/08\/Victoria-Mejia-1-scaled.jpg); margin-left: auto; margin-right:auto; background-size:cover !important;\"><\/div><div class=\"tmm_textblock\"><div class=\"tmm_names\"><span class=\"tmm_fname\">Vicky<\/span> <span class=\"tmm_lname\"> Mejia<\/span><\/div><div class=\"tmm_job\">Miembro de la Junta<\/div><div class=\"tmm_desc\" style=\"text-align:\">Vicky Mejia pas\u00f3 los \u00faltimos 15 a\u00f1os de su tiempo en el Distrito Escolar Central Islip, entrenando y asesorando a maestros en los grados 1-8. Antes de eso, ense\u00f1\u00f3 durante 14 a\u00f1os en la escuela primaria, tanto en aulas monoling\u00fces como biling\u00fces, y en lectura. Se form\u00f3 como Coordinadora de Alfabetizaci\u00f3n en la Universidad de Lesley y ha asistido a los Institutos de Lectura y Escritura de Verano en el Proyecto de Lectura y Escritura, Teachers College, durante m\u00e1s de 10 a\u00f1os. Asisti\u00f3 a la universidad en Bogot\u00e1, Colombia y en la Sorbona en Par\u00eds. Ha realizado <a href=\"https:\/\/lilta.org\/spanish\/vicky-mejia-mentoring-committee-chairperson\/\">Read More<\/a><\/div><div class=\"tmm_scblock\"><\/div><\/div><\/div><span class=\"tmm_two_containers_tablet\"><\/span><div class=\"tmm_member\" style=\"border-top:#333333 solid 5px;\"><div class=\"tmm_photo tmm_pic_our-team_10\" style=\"background: url(http:\/\/lilta.techacscorp.com\/wp-content\/uploads\/2020\/08\/Fatima-Lasso.jpg); margin-left: auto; margin-right:auto; background-size:cover !important;\"><\/div><div class=\"tmm_textblock\"><div class=\"tmm_names\"><span class=\"tmm_fname\">Fatima <\/span> <span class=\"tmm_lname\">Lasso<\/span><\/div><div class=\"tmm_job\">Miembro de la Junta<\/div><div class=\"tmm_desc\" style=\"text-align:\">Fatima Lasso naci\u00f3 y se cri\u00f3 en Quito, Ecuador, donde se gradu\u00f3 con un t\u00edtulo en Administraci\u00f3n de Empresas de la Escuela Polit\u00e9cnica Militar. Durante varios a\u00f1os en su pa\u00eds natal, trabaj\u00f3 en la industria de la aviaci\u00f3n. En 2005, emigr\u00f3 a Estados Unidos con su familia.\r\nSiguiendo su pasi\u00f3n por la ense\u00f1anza, en 2012, obtuvo su maestr\u00eda en Educaci\u00f3n de Adolescentes con menci\u00f3n en espa\u00f1ol en SUNY Old Westbury College, donde se gradu\u00f3 con honores. Desde entonces, ha trabajado en su alma mater como profesora  <a href=\"https:\/\/lilta.org\/spanish\/fatima-lasso-board-member\/\">Read More<\/a><\/div><div class=\"tmm_scblock\"><\/div><\/div><\/div><div class=\"tmm_member\" style=\"border-top:#333333 solid 5px;\"><div class=\"tmm_photo tmm_pic_our-team_11\" style=\"background: url(http:\/\/lilta.techacscorp.com\/wp-content\/uploads\/2020\/08\/Priscilla-Zarate-1.jpg); margin-left: auto; margin-right:auto; background-size:cover !important;\"><\/div><div class=\"tmm_textblock\"><div class=\"tmm_names\"><span class=\"tmm_fname\">Priscilla <\/span> <span class=\"tmm_lname\">Zarate<\/span><\/div><div class=\"tmm_job\">Miembro de la Junta<\/div><div class=\"tmm_desc\" style=\"text-align:\">Priscilla Zarate se desempe\u00f1\u00f3 como Directora Ejecutiva en el Departamento de Educaci\u00f3n de la Ciudad de Nueva York (NYCDOE) durante dos a\u00f1os, donde prest\u00f3 servicios a m\u00e1s de 150,000 estudiantes del idioma ingl\u00e9s en 1,800 escuelas en los cinco condados de la ciudad de Nueva York. Como Directora Ejecutiva, la Sra. Z\u00e1rate dirigi\u00f3 iniciativas en toda la ciudad, incluida la creaci\u00f3n, desarrollo, implementaci\u00f3n, implementaci\u00f3n y monitoreo de apoyos, recursos y servicios para estudiantes del idioma ingl\u00e9s \/ estudiantes <a href=\"https:\/\/lilta.org\/spanish\/priscilla-zarate-board-member\/\">Read More<\/a><\/div><div class=\"tmm_scblock\"><\/div><\/div><\/div><span class=\"tmm_two_containers_tablet\"><\/span><\/div><span class=\"tmm_columns_containers_desktop\"><\/span><div class=\"tmm_container\"><div class=\"tmm_member\" style=\"border-top:#333333 solid 5px;\"><div class=\"tmm_photo tmm_pic_our-team_12\" style=\"background: url(https:\/\/lilta.org\/spanish\/wp-content\/uploads\/2021\/01\/Lissetty-Thomas-Johnson.png); margin-left: auto; margin-right:auto; background-size:cover !important;\"><\/div><div class=\"tmm_textblock\"><div class=\"tmm_names\"><span class=\"tmm_fname\">Lissetty<\/span> <span class=\"tmm_lname\">Thomas-Johnson<\/span><\/div><div class=\"tmm_job\">Miembro de la Junta<\/div><div class=\"tmm_desc\" style=\"text-align:\"><p>Lissetty Thomas-Johnson naci\u00f3 en Rep\u00fablica Dominicana y lleg\u00f3 a los Estados Unidos a la tierna edad de 2 a\u00f1os. Con el apoyo de sus padres que trabajaban en f\u00e1bricas, Lissetty pudo abrirse camino en el sistema <span id=\"m_1658284845786975706m_2238943975741824552m_4534616223697196209gmail-docs-internal-guid-23111a59-7fff-70e6-a741-6a80f637d32e\"><a href=\"https:\/\/lilta.org\/spanish\/lissetty-thomas-johnsons\/\">Read More<\/a><\/span><\/p><\/div><div class=\"tmm_scblock\"><\/div><\/div><\/div><div style=\"clear:both;\"><\/div><\/div><\/div><\/div>\n","protected":false},"excerpt":{"rendered":"","protected":false},"author":1,"featured_media":0,"parent":0,"menu_order":0,"comment_status":"closed","ping_status":"closed","template":"","meta":{"_vp_format_video_url":"","_vp_image_focal_point":[]},"_links":{"self":[{"href":"https:\/\/lilta.org\/spanish\/wp-json\/wp\/v2\/pages\/8"}],"collection":[{"href":"https:\/\/lilta.org\/spanish\/wp-json\/wp\/v2\/pages"}],"about":[{"href":"https:\/\/lilta.org\/spanish\/wp-json\/wp\/v2\/types\/page"}],"author":[{"embeddable":true,"href":"https:\/\/lilta.org\/spanish\/wp-json\/wp\/v2\/users\/1"}],"replies":[{"embeddable":true,"href":"https:\/\/lilta.org\/spanish\/wp-json\/wp\/v2\/comments?post=8"}],"version-history":[{"count":3,"href":"https:\/\/lilta.org\/spanish\/wp-json\/wp\/v2\/pages\/8\/revisions"}],"predecessor-version":[{"id":569,"href":"https:\/\/lilta.org\/spanish\/wp-json\/wp\/v2\/pages\/8\/revisions\/569"}],"wp:attachment":[{"href":"https:\/\/lilta.org\/spanish\/wp-json\/wp\/v2\/media?parent=8"}],"curies":[{"name":"wp","href":"https:\/\/api.w.org\/{rel}","templated":true}]}}